2 - 11*v - 8. What is the tens digit of f(10)?
8
Let l be (18/5)/(4/(-60)). Let h = 107 + l. What is the tens digit of h?
5
Suppose -d + 77 = -53. Let s = -45 + d. What is the tens digit of s?
8
Suppose -3*u = 0, 2*w - 4*u = -w - 12. Let r(g) = 9*g - 1 - 4*g**2 - 8*g + 5*g**2. What is the units digit of r(w)?
1
Suppose -20*o + 18*o = -4, -5*y + 3*o = -79. What is the units digit of y?
7
Let m(v) = v**3 - 25*v**2 + 78*v - 48. What is the units digit of m(22)?
6
Suppose 2 = -g - 8. Let t = -8 - g. Suppose 140 = 2*f + t*f. What is the units digit of f?
5
Suppose 6*l - l + 10 = 0. Let v be l - -47 - 7/7. Suppose 0 = 3*q - 3*m - 150, 2*q = q + 3*m + v. What is the units digit of q?
3
Suppose 4*u - 2*o + 86 = 0, 2*u - 3*u - 3*o = 39. Let z(f) = -f**3 - 24*f**2 - 2*f + 29. What is the units digit of z(u)?
7
Let x be 20/(-6)*(-11)/((-330)/(-8172)). What is the units digit of 6/(-4)*(-5 - x/12)?
1
Suppose -3*r - 5*l + 1199 = 0, 0*l + l = 4. What is the hundreds digit of r?
3
Suppose -4*z - 13496 = -4*d, -10119 = -3*d + 18*z - 16*z. What is the tens digit of d?
7
Let k be (-14)/(-2) - (-4)/(-1). Suppose -k*p - 2*a = a - 108, 3*a - 188 = -5*p. What is the units digit of p?
0
Let b(w) = -w**2 + w. Let c(d) = d**3 - d**2 - 13*d - 11. Let x(f) = 5*b(f) + c(f). What is the tens digit of x(8)?
5
Let b be 1 + 3 - (-8)/4. Let d(c) = -c**3 + 7*c**2 + 3*c - 30. What is the units digit of d(b)?
4
Suppose -4*n = 4*z, 0*z = -4*z + 3*n + 7. Let o(k) = 55*k**2 + 2*k - 3. What is the tens digit of o(z)?
5
Let s = 7 + -4. Suppose 0 = -s*p + 5*p - 6. What is the units digit of (0 + p/12)*4?
1
Suppose 16 = 2*p - 6. Suppose 27*m - 45*m = -522. Let s = m - p. What is the units digit of s?
8
Suppose 0 = -a - 0*a. Suppose -3*k + 100 - 7 = a. Suppose -3*h = -k - 11. What is the units digit of h?
4
Let i = -21 + 221. Suppose 0*u + i = 4*u. What is the units digit of u?
0
Suppose 0*r + 3*r = 438. Suppose 0*a = -g + 4*a + 38, 0 = 3*g - 4*a - r. What is the tens digit of g?
5
Suppose 2*h + 8 = 4*h. Suppose 0 = g + p - 18, 4*g - 108 = -g + h*p. Suppose -3*b = b - g. What is the units digit of b?
5
Let d(i) = -3*i**3 + i**2 + 11*i + 12. What is the units digit of d(-3)?
9
Suppose -111*r = -100*r - 1881. What is the tens digit of r?
7
Let q be ((-96)/30)/(-4)*40. What is the units digit of (q/12)/(1/24)?
4
Let s = -60 - -68. Suppose 438 = s*d - 5*d. What is the units digit of d?
6
Suppose -20 = -5*q, 2*h - 3*q - 1727 = 117. What is the tens digit of h?
2
What is the hundreds digit of (-3 + 7/3)/((-6)/30339)?
3
Let k(y) = -17*y + 36. Suppose 12*r + 15 = -45. What is the units digit of k(r)?
1
Suppose -4*x = -4*o - 12 - 152, 5*x - 4*o = 202. Suppose 3*a = 103 + x. What is the tens digit of a?
4
What is the units digit of (-2)/(-7) + 2941/119?
5
Let w = -916 - -1405. Suppose -3*h + w - 174 = 0. What is the units digit of h?
5
Suppose -16 = -2*m + 4*o, m + 3*o = 4*m - 18. Suppose 0 = -3*s - m*v + 14, -v = 2*s - 0*v - 11. What is the units digit of s?
6
What is the tens digit of 130 - (10 - 5 - 11)?
3
Suppose -3*h + 7 = 2*o, o + 13 = 4*h - 0. Suppose h*i + 0 = -63. What is the tens digit of 2/14 + (-984)/i?
4
Let l be 2/(-9) + (-87)/(-27). Suppose 12 - 3 = 3*i + l*n, -3*i + 9 = -4*n. Suppose 0 = 3*d - i*c - 15, -5*d + 5 = -3*d - 3*c. What is the units digit of d?
0
Let a(t) = 4*t - 7. Let p be a(15). Let u = -21 + p. What is the tens digit of u?
3
Let t(g) = g**3 + 6*g**2 + 4*g + 14. Let q(w) = -w**3 - 5*w**2 - 3*w - 15. Let u(f) = 4*q(f) + 5*t(f). What is the tens digit of u(-4)?
7
Suppose -4*k = 4*c, -3*c + 5 + 3 = k. What is the units digit of ((-578)/k)/((-8)/(-16))?
9
Suppose g + 4 = 3*g. Suppose 2*m - 7 = 1, 5*s = g*m - 48. What is the units digit of s/(-6) + 6/(-18)?
1
Let u = -32 - -119. What is the units digit of u?
7
Suppose -12285 = -18*x - 603. What is the units digit of x?
9
Suppose -i = 3*r - 8696, 5*r = -5*i + 5552 + 8938. What is the hundreds digit of r?
8
Let t(j) = -8*j + 3. Let h(m) = -7*m + 3. Let r(u) = 7*h(u) - 6*t(u). Let c be r(0). Suppose -11 = -c*f - 2. What is the units digit of f?
3
Let p be 3/(-2 - 1) + (1 - -3). Suppose 101 = n - p*w, 2*w + 20 = -3*w. What is the units digit of n?
9
Let n be (-94)/(-10) + ((-32)/(-10))/(-8). Suppose -n*w + 2*w + 343 = 0. What is the units digit of w?
9
Suppose 5*f - 3*v = -4*v + 805, 5*f - 4*v - 830 = 0. What is the units digit of f?
2
Let n(k) = -4*k + 0*k - 3 - 2*k + 5*k. Let v be n(-5). Suppose 0 = -4*a + v*a + 28. What is the tens digit of a?
1
Suppose 10*t - 21*t = -8646. Suppose -124 = -7*u + t. What is the tens digit of u?
3
What is the tens digit of ((-5)/((-75)/288))/(36/480)?
5
Let m = 6 + -2. Suppose -2 - m = -2*u. Suppose -2*w - 71 - 16 = -3*r, r + u*w = 18. What is the tens digit of r?
2
Suppose 2*o + 36 = 5*f - o, 3*f = -3*o + 12. Suppose f*d = -2*d + 16. What is the units digit of d?
2
Let q = 28 - 12. Suppose q*a - 17*a - 3 = 0. Let v = a + 5. What is the units digit of v?
2
Let o = 1 - -17. Let s = -16 + o. Suppose 0 = -s*k + 53 - 17. What is the tens digit of k?
1
Let o = -209 + 1092. What is the hundreds digit of o?
8
Suppose -7937 = -3*p + 5*i - 7*i, -3*p - i = -7933. What is the units digit of p?
3
Suppose 4*f = -5*u + 37, -2*f - 2*u + 14 = -2. Suppose f*y = 6*y. Suppose -3*a + 101 - 2 = y. What is the tens digit of a?
3
Suppose 0 = 18*k - 2*k - 9808. What is the hundreds digit of k?
6
Suppose -3*a - 38 = -3*g + 28, 2*a = 6. Let q(o) = -28*o - 2. Let d be q(-1). Suppose 3*j = d + g. What is the units digit of j?
7
Let q = 464 + -54. Let k = q + -274. What is the hundreds digit of k?
1
Let r(b) = -8*b**3 - 3*b**2 - 4*b - 2. Let u be r(-2). Let a be -2*(153/34 + (-10)/2). Let x = a + u. What is the units digit of x?
9
Suppose 0 = 3*f - 1205 - 1756. What is the tens digit of f?
8
What is the units digit of (112/(-40) - 2)/(1/(-480))?
4
Suppose 73*x - 63*x - 29490 = 0. What is the hundreds digit of x?
9
What is the hundreds digit of 3/(7/6909*7)?
4
Suppose -4*c + 22410 = -3*d - 1847, -5*c = 4*d - 30298. What is the thousands digit of c?
6
Suppose 17 = -4*g - 7. What is the units digit of 0 + 0 - -128 - (g - -3)?
1
Suppose 0 = 4*a + 4, 0 = 3*p + 5*a - 0*a + 5. Suppose 5*k - 758 + 63 = -2*s, 2*k - 5*s - 249 = p. What is the hundreds digit of k?
1
Let x be (4/8 - 2)*-298. Suppose -8*t - 385 = x. Let c = t - -147. What is the tens digit of c?
4
Suppose 7*d + 2 = -12. Let n(w) = w + 4. Let s be n(d). Suppose 4*o - 2*g = 6, -o + s*g = 1 - 4. What is the units digit of o?
1
Suppose 2*h - 1532 = 2*z, -h + 767 = 4*z - 24. What is the units digit of h?
1
Let f be (-2)/7 + (-36)/(-28). Let b be (-4*4)/(-4) - f. Suppose 4*r - b*r - 11 = 0. What is the units digit of r?
1
Suppose -3*p + 5*p = 10. Let c(y) = 3*y + 0*y - 2*y + 9*y. What is the tens digit of c(p)?
5
Let m = -3235 + 6963. What is the units digit of m?
8
Suppose -5*i + 0*z = z - 15, 5*z = -25. Suppose 5*u + 852 = i*j, 2*j - 3*j + u = -212. What is the units digit of j?
8
Let u(y) = -3*y**2 - 2 + 5*y**3 + 1 - 4*y**3 + 4*y - 2. What is the units digit of u(3)?
9
Suppose 9*g = 16*g + 4214. Let j = g + 899. What is the units digit of j?
7
Let k(i) = 5 + 6 + 4*i**2 - 2*i**2 - 3*i**2. Let n be k(9). Let h = n + 99. What is the units digit of h?
9
Suppose 0 = -3*d - 494 + 1709. What is the units digit of d?
5
Suppose -7*p - 74 = -8*p. Let a = 125 + p. What is the hundreds digit of a?
1
Let w(q) = 2*q**2 - 3*q + 2. Suppose -3*f - 4 - 8 = 0. What is the units digit of w(f)?
6
Let b(t) = t**3 + 9*t**2 - 13*t + 8. Let q be b(-10). Suppose -q - 25 = -3*c. Suppose 5*g = 2*w + c, -18 = -4*g + w - 0. What is the units digit of g?
5
Suppose -2*i + 10 = 3*z, 4*z - 12 = 3*z - 5*i. Suppose 98 + 458 = 3*x + z*t, 5*x = -5*t + 925. What is the hundreds digit of x?
1
Suppose 14916 = -18*a + 51*a. What is the units digit of a?
2
Let s = -8 - -9. What is the tens digit of 11/((-8)/10 + s)?
5
Suppose 4*y + 2*l - 1724 = 0, -6*y - 1288 = -9*y - 4*l. What is the hundreds digit of y?
4
Let j(k) = -k**2 - 24*k + 18. Suppose -2*w - 13 = -5*h + 9, -5*h - 20 = 0. What is the tens digit of j(w)?
8
Let w = 538 - 176. What is the hundreds digit of w?
3
Suppose -5*g = 5*a - 3 + 8, -4*a = -4*g - 20. Let n be (-45)/(0 - 3) - g. Suppose -3*w + w + n = 3*r, 4*r = -3*w + 25. What is the units digi